- 14. Calculate t(-20).
6
Let x(b) = -b**2 + 23*b - 111. Calculate x(9).
15
Let x(y) = 12*y + 24. Determine x(-2).
0
Let s(v) = 8*v**2 - 58*v - 7. Calculate s(7).
-21
Let z(h) = h**3 - 24*h**2 - 29. Calculate z(24).
-29
Let g(w) = w**2 + 2*w - 13. Give g(-6).
11
Let u(x) = x**3 + 5*x**2 - 21. Give u(-4).
-5
Let i(a) = -a + 14. Determine i(4).
10
Let w(x) = -15*x - 5. Determine w(-5).
70
Let q(b) = -2*b + 12. Determine q(0).
12
Let m(f) = 6*f - 8. Calculate m(2).
4
Let g(r) = r**2 + 3*r + 2. Give g(-2).
0
Let n(u) = 5*u**2 + 8*u - 1. Determine n(-3).
20
Let o(v) = 7*v + 37. Give o(-7).
-12
Let f(s) = -s**3 - 10*s**2 - 20*s - 18. Determine f(-7).
-25
Let y(s) = -12*s - 426. What is y(-35)?
-6
Let s(g) = -3*g - 82. What is s(-20)?
-22
Let u(o) = o - 1. Calculate u(-1).
-2
Let i(n) = n**2 - 8*n + 8. Give i(8).
8
Let x(p) = -p**2 - 4*p + 18. What is x(-6)?
6
Let p(j) = -5*j - 89. What is p(-25)?
36
Let q(w) = -33*w - 1. What is q(1)?
-34
Let s(r) = -r**3 - 4*r**2 + 20*r - 98. Determine s(-8).
-2
Let f(c) = 11*c + 39. What is f(-4)?
-5
Let i(b) = -6*b + 5. Give i(0).
5
Let a(p) = 8*p - 2. Determine a(2).
14
Let t(n) = -n**3 - 16*n**2 - 15*n - 5. What is t(-15)?
-5
Let h(r) = 39*r - 7. Give h(0).
-7
Let b(d) = -2*d**3 + 3*d**2 - 3*d + 5. What is b(2)?
-5
Let h(c) = c**3 - 6*c**2 + 6*c + 3. Give h(5).
8
Let q(r) = -69*r**2. Determine q(1).
-69
Let k(w) = w**2 - w - 16. What is k(10)?
74
Let i(q) = -3*q - 30. Determine i(-16).
18
Let i(a) = -a**3 - a**2 - 4*a. What is i(-3)?
30
Let m(b) = -4*b**3 - 44*b**2 - 6. What is m(-11)?
-6
Let r(c) = c**3 - 6*c**2 + 4*c - 4. Calculate r(3).
-19
Let m(x) = -7*x + 2. Calculate m(-3).
23
Let b(m) = -m**2 - 5*m + 19. Determine b(-6).
13
Let r(k) = -k**3 - 12*k**2 - 4*k + 14. Give r(-11).
-63
Let p(r) = r**2 + 8*r + 10. Determine p(-2).
-2
Let z(v) = -v**3 - 21*v**2 + 21*v - 16. Give z(-22).
6
Let n(y) = -y**2 + 20*y - 13. Calculate n(17).
38
Let r(t) = -2*t**2 - 43*t - 89. Calculate r(-19).
6
Let o(t) = -t + 27. Calculate o(8).
19
Let b(c) = 2*c**2 + 11*c - 2. Give b(-6).
4
Let u(v) = 2*v**2 - 11*v - 7. Give u(6).
-1
Let z(k) = k**3 - 7*k**2 + 6*k - 8. What is z(6)?
-8
Let u(i) = 9*i + 3. Give u(-3).
-24
Let u(o) = o**2 + o - 11. What is u(-2)?
-9
Let p(w) = -w**3 + 3*w**2 + 16*w - 48. Give p(4).
0
Let j(g) = 2*g**2 - 14*g - 14. Give j(11).
74
Let m(p) = 9*p**3 - 3*p**2 - 6*p - 4. What is m(3)?
194
Let b(x) = -4*x**2 - 9*x + 6. Determine b(3).
-57
Let x(p) = -20*p + 130. Calculate x(7).
-10
Let a(p) = p**3 - 9*p**2 + 9*p + 18. What is a(6)?
-36
Let a(w) = w**2 + 7*w - 14. What is a(-6)?
-20
Let c(z) = z**2 + z - 14. Give c(-5).
6
Let t(d) = -4*d - 7. Calculate t(4).
-23
Let g(y) = -y**2 + 4*y + 12. Determine g(7).
-9
Let h(k) = -3*k**2 - k - 4. Give h(2).
-18
Let t(b) = -19*b - 13. Give t(-5).
82
Let y(a) = 19*a**2 - 3*a + 1. What is y(1)?
17
Let n(i) = 6*i - 38. Give n(9).
16
Let a(s) = -s**3 - s**2 - 5*s - 11. Calculate a(-3).
22
Let r(i) = i + 17. Calculate r(0).
17
Let c(b) = b**3 - 9*b**2 - 9*b - 10. Give c(10).
0
Let j(m) = -38*m + 1862. What is j(49)?
0
Let n(l) = -l**2 - 6*l - 7. Calculate n(-5).
-2
Let u(k) = -k**3 - 15*k**2 + 4. What is u(-15)?
4
Let n(u) = -u**3 - 8*u**2 - 6. What is n(-7)?
-55
Let a(j) = 2*j**3 + 6*j**2 + 9*j + 6. Determine a(-3).
-21
Let x(s) = 4*s + 8. Determine x(3).
20
Let v(s) = s**3 + s**2 + 41. Give v(0).
41
Let p(t) = -12*t + 121. What is p(10)?
1
Let t(u) = -u**2 - 5*u - 9. Determine t(-4).
-5
Let c(p) = -p**2 + 16*p - 6. Calculate c(16).
-6
Let x(v) = 2*v**3 + 5*v**2 + v. Give x(-3).
-12
Let n(p) = 15*p**2 - 95*p + 15. What is n(6)?
-15
Let o(k) = 4*k**2 + 2*k - 3. Determine o(-3).
27
Let y(r) = -r**3 - 22*r**2 + 25*r + 31. Determine y(-23).
-15
Let o(y) = -y**3 - 7*y**2 - 5*y - 8. Calculate o(-6).
-14
Let g(u) = 8*u - 8. Give g(0).
-8
Let v(p) = 6*p + 22. Calculate v(11).
88
Let c(o) = -9*o - 47. Determine c(-14).
79
Let k(f) = f. Determine k(7).
7
Let j(m) = -m**3 + 4*m**2 + 8. Calculate j(5).
-17
Let u(x) = 7*x - 1. What is u(-2)?
-15
Let x(l) = -l**3 + 29*l**2 - 55*l + 26. Give x(27).
-1
Let g(c) = c**2 + 12*c - 11. What is g(-12)?
-11
Let x(r) = 4*r - 33. Give x(10).
7
Let k(m) = m**2 + 3*m - 70. Calculate k(-10).
0
Let q(l) = 2*l - 44. Give q(20).
-4
Let u(l) = -5*l**2 - 16*l - 15. Determine u(-1).
-4
Let k(c) = c**2 + 5*c - 17. Calculate k(-6).
-11
Let r(s) = s**2 + 24*s - 302. Give r(-33).
-5
Let o(k) = -112*k + 9. Calculate o(2).
-215
Let l(t) = t - 15. What is l(10)?
-5
Let k(z) = -17*z - 25. What is k(-2)?
9
Let l(i) = -6*i - 22. Calculate l(-8).
26
Let i(f) = -5*f + 40. Determine i(9).
-5
Let t(m) = m**2 - 15*m + 11. What is t(15)?
11
Let i(d) = -4*d - 8. Calculate i(-15).
52
Let v(z) = z - 12. What is v(3)?
-9
Let n(p) = p**3 - 8*p**2 + 7*p - 2. What is n(7)?
-2
Let t(x) = -4*x + 12. Determine t(4).
-4
Let l(s) = -8*s**2 - 6*s + 7. Determine l(1).
-7
Let o(p) = 5*p + 8. Determine o(-4).
-12
Let q(z) = z**3 - 5*z**2 - 8*z + 3. What is q(7)?
45
Let v(c) = 2*c**2 + 56*c - 62. What is v(-29)?
-4
Let s(f) = 2*f**3 - 7*f + 15. What is s(3)?
48
Let k(s) = -15*s + 285. What is k(19)?
0
Let l(q) = q**3 + 3*q**2 + 4*q - 1. Calculate l(-2).
-5
Let v(u) = u**3 + 7*u**2 + 11*u + 7. What is v(-4)?
11
Let s(l) = l**3 + 6*l**2 + 5*l + 5. Calculate s(-6).
-25
Let a(o) = -o**3 + 21*o**2 + 20*o + 54. Calculate a(22).
10
Let k(g) = -4*g**2 + 7*g - 7. What is k(1)?
-4
Let d(u) = -u**3 - 8*u**2 + 5*u - 3. Determine d(-8).
-43
Let g(y) = -y**3 + 14*y**2 + 73*y - 3. Calculate g(18).
15
Let w(a) = -a**3 + a**2 + a + 2. What is w(-2)?
12
Let b(o) = o**3 + 3*o**2 - 9. Give b(-6).
-117
Let d(t) = t + 10. What is d(-10)?
0
Let v(i) = -3*i**2 + 26*i + 10. What is v(11)?
-67
Let r(i) = i**3 - 15*i**2 + 12*i + 42. Give r(14).
14
Let l(f) = -4*f + 44. What is l(13)?
-8
Let x(z) = -z**3 - 7*z**2 + 22*z + 24. Calculate x(-9).
-12
Let m(h) = h**2 - 79. Calculate m(9).
2
Let g(l) = -2*l - 4. Calculate g(-10).
16
Let o(l) = -l**3 - 4*l**2 + 12*l + 4. Give o(-6).
4
Let z(b) = b**3 + 8*b**2 - 9*b - 3. Calculate z(-9).
-3
Let m(q) = 2*q**2 + 18*q + 6. Give m(-12).
78
Let z(i) = -21*i - 21. Calculate z(-5).
84
Let t(b) = b - 4. Give t(2).
-2
Let n(g) = 5*g**3 - 2*g**2 + 6*g. Calculate n(-3).
-171
Let j(w) = 8*w - 91. Calculate j(7).
-35
Let h(a) = -4*a**3 + 8*a - 10. Determine h(2).
-26
Let d(k) = 2*k**2 - 7*k - 11. What is d(-3)?
28
Let g(p) = p**3 - 23*p**2 + 9. Give g(23).
9
Let q(j) = 17*j - 1. Calculate q(1).
16
Let z(s) = -s**2 - 8*s - 9. Calculate z(-5).
6
Let m(n) = n**2 + 6*n - 53. Calculate m(-10).
-13
Let u(o) = 7*o + 24. Give u(6).
66
Let c(w) = 47*w - 221. What is c(5)?
14
Let x(v) = -v**3 - 8*v**2 + v + 51. Determine x(-7).
-5
Let t(b) = -b - 68. Calculate t(0).
-68
Let x(a) = a**2 - 14*a + 11. What is x(11)?
-22
Let x(t) = -9*t + 89. Calculate x(11).
-10
Let d(j) = 11*j + 82. Give d(-5).
27
Let s(l) = 3*l**2 - 2*l - 1. Calculate s(-1).
4
Let u(p) = -p + 34. Calculate u(17).
17
Let z(o) = -o**3 - o**2 + o + 34. What is z(0)?
34
Let y(w) = 10*w - 42. What is y(5)?
8
Let c(o) = 2*o**2 + 13*o. Calculate c(-7).
7
Let q(v) = -2*v**2 - 8*v + 7. Calculate q(-5).
-3
Let q(x) = -7*x - 3. Calculate q(-5).
32
Let b(c) = 4*c + 142. Calculate b(-40).
-18
Let s(r) = -2*r**2 - 22*r - 49. Calculate s(-3).
-1
Let l(a) = a + 2. Give l(-16).
-14
Let v(z) = -z**2 + 21*z - 32. Give v(7).
66
Let y(j) = -j**3 - 9*j**2 + 7*j - 19. Give y(-10).
11
Let u(l) = -l**3 + 4*l**2 + 15*l - 24. What is u(6)?
-6
Let h(u) = u**3 - 4*u**2 - 2*u + 3. Give h(5).
18
Let j(z) = -z + 21. Calculate j(20).
1
Let w(c) = -c**3 - 5*c**2 + 9*c + 6. Determine w(-6).
-12
Let i(z) = 45*z + 13. Determine i(-2).
-77
Let x(t) = 8*t**2 - 35*t - 4. Calculate x(4).
-16
Let j(r) = -15*r + 11. Give j(1).
-4
Let z(o) = -5*o + 137. Give z(26).
7
Let t(r) = -r**2 - 11*r + 14. Calculate t(-12).
2
Let f(q) = q - 7. Calculate f(0).
-7
Let m(b) = -b**2 + 12*b. Determine m(16).
-64
Let t(x) = -2*x**2 - 11*x + 3. What is t(-5)?
8
Let u(y) = -y**2 + 11*y - 15. Give u(9).
3
Let c(b) = -11*b**2 - 3*b - 15. Give c(-4).
-179
Let l(n) = -n**3 - 27*n**2 - 26*n - 2. Calculate l(-26).
-2
Let v(f) = -f + 11. What is v(14)?
-3
Let m(i) = -8*i + 19. Calculate m(8).
-45
Let n(z) = z**3 + 4*z**2 + z - 12. What is n(-5)?
-42
Let m(v) = 7*v**2. What is m(3)?
63
Let u(s)